s of 153484?
2, 38371
List the prime factors of 3211710.
2, 3, 5, 107057
List the prime factors of 4406388.
2, 3, 7, 52457
List the prime factors of 1758479.
607, 2897
What are the prime factors of 117889?
117889
What are the prime factors of 1490680?
2, 5, 83, 449
What are the prime factors of 2676025?
5, 11, 37, 263
List the prime factors of 2547868.
2, 636967
What are the prime factors of 155160?
2, 3, 5, 431
What are the prime factors of 4324969?
11, 569, 691
What are the prime factors of 956753?
7, 31, 4409
What are the prime factors of 14379525?
3, 5, 263
List the prime factors of 411864.
2, 3, 131
What are the prime factors of 11304323?
569, 19867
List the prime factors of 135653.
7, 19379
List the prime factors of 10737943.
10737943
What are the prime factors of 3122705?
5, 624541
List the prime factors of 485501.
293, 1657
What are the prime factors of 729532?
2, 271, 673
List the prime factors of 9355994.
2, 379, 12343
List the prime factors of 208645.
5, 41729
List the prime factors of 131689.
19, 29, 239
List the prime factors of 3757336.
2, 11, 42697
List the prime factors of 330673.
7, 97, 487
List the prime factors of 3297234.
2, 3, 23, 23893
What are the prime factors of 1137123?
3, 13, 9719
What are the prime factors of 4234758?
2, 3, 11, 19, 307
List the prime factors of 1120321.
1120321
What are the prime factors of 127620?
2, 3, 5, 709
What are the prime factors of 5217924?
2, 3, 434827
List the prime factors of 2389111.
41, 58271
What are the prime factors of 1487010?
2, 3, 5, 7, 73, 97
What are the prime factors of 558498?
2, 3, 93083
What are the prime factors of 6111641?
401, 15241
List the prime factors of 2022928.
2, 126433
What are the prime factors of 814328?
2, 137, 743
What are the prime factors of 2052066?
2, 3, 127, 2693
What are the prime factors of 71448?
2, 3, 13, 229
List the prime factors of 9033528.
2, 3, 7, 17, 3163
List the prime factors of 5106957.
3, 1702319
List the prime factors of 48154.
2, 24077
What are the prime factors of 4696528?
2, 73, 4021
What are the prime factors of 2312970?
2, 3, 5, 11, 43, 163
List the prime factors of 214010.
2, 5, 21401
What are the prime factors of 567470?
2, 5, 56747
What are the prime factors of 374357?
17, 19, 61
What are the prime factors of 135148?
2, 13, 23, 113
List the prime factors of 514985.
5, 127, 811
List the prime factors of 146623.
19, 7717
List the prime factors of 1884736.
2, 7, 601
What are the prime factors of 3906431?
3906431
List the prime factors of 15735338.
2, 7867669
List the prime factors of 469757.
469757
List the prime factors of 125744.
2, 29, 271
List the prime factors of 854562.
2, 3, 142427
What are the prime factors of 1298750?
2, 5, 1039
What are the prime factors of 1641477?
3, 719, 761
List the prime factors of 542190.
2, 3, 5, 11, 31, 53
List the prime factors of 33353758.
2, 113, 147583
What are the prime factors of 3974850?
2, 3, 5, 11, 73
What are the prime factors of 851042?
2, 425521
List the prime factors of 4824199.
1483, 3253
What are the prime factors of 5281708?
2, 1320427
List the prime factors of 363041.
7, 31, 239
List the prime factors of 440239.
440239
List the prime factors of 3240684.
2, 3, 90019
What are the prime factors of 129764?
2, 32441
What are the prime factors of 829387?
13, 63799
List the prime factors of 11529236.
2, 2882309
What are the prime factors of 452933?
13, 34841
List the prime factors of 203824.
2, 12739
What are the prime factors of 302454?
2, 3, 1867
List the prime factors of 566391.
3, 7, 3853
What are the prime factors of 391016?
2, 37, 1321
What are the prime factors of 91019?
91019
What are the prime factors of 3981084?
2, 3, 59, 5623
What are the prime factors of 251388?
2, 3, 6983
List the prime factors of 505453.
13, 59, 659
What are the prime factors of 410132?
2, 102533
List the prime factors of 271238.
2, 11, 12329
What are the prime factors of 2904088?
2, 11, 61, 541
List the prime factors of 294478.
2, 113, 1303
List the prime factors of 481036.
2, 241, 499
List the prime factors of 48269.
13, 47, 79
What are the prime factors of 125441?
125441
List the prime factors of 19018529.
17, 1118737
List the prime factors of 271368.
2, 3, 3769
List the prime factors of 541856.
2, 7, 41, 59
List the prime factors of 4594903.
19, 257, 941
What are the prime factors of 395505?
3, 5, 11, 17, 47
What are the prime factors of 14295264?
2, 3, 43, 3463
What are the prime factors of 2416332?
2, 3, 61, 3301
List the prime factors of 823010.
2, 5, 82301
List the prime factors of 743802.
2, 3, 53, 2339
What are the prime factors of 1347818?
2, 31, 21739
List the prime factors of 68374.
2, 17, 2011
What are the prime factors of 1631063?
7, 33287
List the prime factors of 900230.
2, 5, 90023
List the prime factors of 48490.
2, 5, 13, 373
What are the prime factors of 7664540?
2, 5, 13, 41, 719
What are the prime factors of 749138?
2, 13, 28813
What are the prime factors of 799911?
3, 7, 12697
List the prime factors of 278562.
2, 3, 17, 2731
List the prime factors of 5793871.
5793871
List the prime factors of 2665773.
3, 11, 26927
What are the prime factors of 2086538?
2, 719, 1451
List the prime factors of 8545868.
2, 431, 4957
List the prime factors of 1950529.
7, 17, 37, 443
List the prime factors of 14368663.
73, 196831
List the prime factors of 1361380.
2, 5, 43, 1583
List the prime factors of 712301.
712301
What are the prime factors of 780966?
2, 3, 43, 1009
What are the prime factors of 8668013?
29, 298897
What are the prime factors of 1877725?
5, 75109
What are the prime factors of 205264?
2, 12829
What are the prime factors of 297989?
297989
What are the prime factors of 169344?
2, 3, 7
List the prime factors of 2373517.
431, 5507
List the prime factors of 2166698.
2, 1083349
What are the prime factors of 14175417?
3, 4725139
What are the prime factors of 912094?
2, 456047
List the prime factors of 14350350.
2, 3, 5, 7, 79, 173
List the prime factors of 5343784.
2, 193, 3461
List the prime factors of 3397540.
2, 5, 257, 661
List the prime factors of 52565.
5, 10513
What are the prime factors of 793418?
2, 396709
What are the prime factors of 10374211?
653, 15887
What are the prime factors of 15796191?
3, 229, 22993
List the prime factors of 3701551.
7, 23, 83, 277
List the prime factors of 4473277.
4473277
List the prime factors of 1517803.
7, 216829
List the prime factors of 4510339.
181, 24919
What are the prime factors of 2341469?
13, 23, 41, 191
List the prime factors of 304566.
2, 3, 23, 2207
What are the prime factors of 279203?
279203
List the prime factors of 795563.
131, 6073
What are the prime factors of 3235903?
11, 47, 569
List the prime factors of 3170248.
2, 53, 7477
List the prime factors of 232231.
23, 439
List the prime factors of 1205134.
2, 7, 59, 1459
What are the prime factors of 1614526?
2, 431, 1873
List the prime factors of 170698.
2, 11, 7759
What are the prime factors of 2344142?
2, 331, 3541
What are the prime factors of 177400?
2, 5, 887
List the prime factors of 121886.
2, 60943
List the prime factors of 3788054.
2, 23, 82349
What are the prime factors of 457824?
2, 3, 19, 251
List the prime factors of 9464550.
2, 3, 5, 63097
List the prime factors of 445711.
7, 41, 1553
List the prime factors of 1550184.
2, 3, 64591
List the prime factors of 84178.
2, 42089
What are the prime factors of 137636?
2, 19, 1811
List the prime factors of 307964.
2, 76991
List the prime factors of 1136798.
2, 13, 23, 1901
What are the prime factors of 192172?
2, 107, 449
List the prime factors of 83141.
71, 1171
What are the prime factors of 1777104?
2, 3, 7, 41, 43
List the prime factors of 33146.
2, 16573
List the prime factors of 1304391.
3, 11, 29, 47
List the prime factors of 116726.
2, 58363
What are the prime factors of 5945507?
1051, 5657
List the prime factors of 300146.
2, 7, 11, 1949
What are the prime factors of 12586033?
139, 90547
What are the prime factors of 264283?
264283
List the prime factors of 1869450.
2, 3, 5, 11, 103
List the prime factors of 1297214.
2, 648607
List the prime factors of 4781785.
5, 956357
List the prime factors of 7696038.
2, 3, 7, 26177
What are the prime factors of 638608?
2, 167, 239
List the prime factors of 42587847.
3, 4731983
List the p